{"id":20722,"date":"2020-11-16T19:21:41","date_gmt":"2020-11-16T17:21:41","guid":{"rendered":"https:\/\/memoriahistorica.dival.es\/fosa\/exhumacion-de-la-fosa-22-del-cementerio-de-paterna\/"},"modified":"2026-08-20T14:42:29","modified_gmt":"2026-08-20T12:42:29","slug":"exhumacion-de-la-fosa-22-del-cementerio-de-paterna","status":"publish","type":"fosa","link":"https:\/\/memoriahistorica.dival.es\/val\/fosa\/exhumacion-de-la-fosa-22-del-cementerio-de-paterna\/","title":{"rendered":"Exhumaci\u00f3 de la fossa 22 del cementeri de Paterna"},"content":{"rendered":"<p>En aquesta fossa es va enterrar una saca que correspon als represaliats afusellats el 28 de juliol de 1939, la qual cosa suposa trobar les restes d&#8217;un m\u00e0xim de 39\u00a0 persones.<\/p>\n<p>Despr\u00e9s de l&#8217;exhumaci\u00f3 es van trobar 33 cad\u00e0vers dels\u00a0 39 previstos inicialment.<\/p>\n<p>Inicialment van ser identificats 9 dels cad\u00e0vers exhumats per\u00f2, gr\u00e0cies a noves an\u00e0lisis gen\u00e8tiques, eixa xifra s&#8217;ha ampliat fins a aconseguir els 13 identificats.<\/p>\n<p>Entre els escassos objectes trobats destaquen elements personals com a cartes, espardenyes, sivelles,\u2026 aix\u00ed com bitllets, un pitxer\u2026.etc. Tamb\u00e9 han aparegut projectils bal\u00edstics del 9mm. llarg.<\/p>\n<p>Pot consultar el llistat de represaliats enterrats en aquesta fossa prement\u00a0<a href=\"https:\/\/memoriahistorica.dival.es\/wp-content\/uploads\/REPRESALIATS-PER-NUMERO-DE-FOSSA.pdf\">a\u00e7\u00ed.<\/a><\/p>\n","protected":false},"author":1,"featured_media":21096,"template":"","class_list":["post-20722","fosa","type-fosa","status-publish","has-post-thumbnail","hentry"],"acf":[],"_links":{"self":[{"href":"https:\/\/memoriahistorica.dival.es\/val\/wp-json\/wp\/v2\/fosa\/20722","targetHints":{"allow":["GET"]}}],"collection":[{"href":"https:\/\/memoriahistorica.dival.es\/val\/wp-json\/wp\/v2\/fosa"}],"about":[{"href":"https:\/\/memoriahistorica.dival.es\/val\/wp-json\/wp\/v2\/types\/fosa"}],"author":[{"embeddable":true,"href":"https:\/\/memoriahistorica.dival.es\/val\/wp-json\/wp\/v2\/users\/1"}],"version-history":[{"count":6,"href":"https:\/\/memoriahistorica.dival.es\/val\/wp-json\/wp\/v2\/fosa\/20722\/revisions"}],"predecessor-version":[{"id":28506,"href":"https:\/\/memoriahistorica.dival.es\/val\/wp-json\/wp\/v2\/fosa\/20722\/revisions\/28506"}],"wp:featuredmedia":[{"embeddable":true,"href":"https:\/\/memoriahistorica.dival.es\/val\/wp-json\/wp\/v2\/media\/21096"}],"wp:attachment":[{"href":"https:\/\/memoriahistorica.dival.es\/val\/wp-json\/wp\/v2\/media?parent=20722"}],"curies":[{"name":"wp","href":"https:\/\/api.w.org\/{rel}","templated":true}]}}

Exhumació de la fossa 22 del cementeri de Paterna

<p>En aquesta fossa es va enterrar una saca que correspon als represaliats afusellats el 28 de juliol de 1939, la qual cosa suposa trobar les restes d&#8217;un màxim de 39  persones.</p>
<p>Després de l&#8217;exhumació es van trobar 33 cadàvers dels  39 previstos inicialment.</p>
<p>Inicialment van ser identificats 9 dels cadàvers exhumats però, gràcies a noves anàlisis genètiques, eixa xifra s&#8217;ha ampliat fins a aconseguir els 13 identificats.</p>
<p>Entre els escassos objectes trobats destaquen elements personals com a cartes, espardenyes, sivelles,… així com bitllets, un pitxer….etc. També han aparegut projectils balístics del 9mm. llarg.</p>
<p>Pot consultar el llistat de represaliats enterrats en aquesta fossa prement <a href="https://memoriahistorica.dival.es/wp-content/uploads/REPRESALIATS-PER-NUMERO-DE-FOSSA.pdf">açí.</a></p>
