{"id":22725,"date":"2023-03-10T11:19:12","date_gmt":"2023-03-10T09:19:12","guid":{"rendered":"https:\/\/memoriahistorica.dival.es\/?post_type=fosa&#038;p=22725"},"modified":"2026-08-20T14:48:28","modified_gmt":"2026-08-20T12:48:28","slug":"exhumacio-de-la-fossa-69-del-cementeri-de-paterna","status":"publish","type":"fosa","link":"https:\/\/memoriahistorica.dival.es\/val\/fosa\/exhumacio-de-la-fossa-69-del-cementeri-de-paterna\/","title":{"rendered":"Exhumaci\u00f3 de la fossa 69 del cementeri de Paterna"},"content":{"rendered":"<p>Pel que sembla, en la fossa 69 del Quadrant Primer Esquerra del Cementeri Municipal de Paterna, va ser inhumat Miguel Alabort Ortega, natural de Benig\u00e0nim i afusellat el 7 de setembre de 1939.<\/p>\n<p>Encara que aqueix dia van ser afusellades 13 persones els testimoniatges familiars conten que nom\u00e9s es va inhumar al seu parent en aquesta ubicaci\u00f3.<\/p>\n<p>En 2022 es va dur a terme la primera fase del projecte, corresponent als treballs d&#8217;excavaci\u00f3 i exhumaci\u00f3 de les restes. Durant els mateixos es van recuperar les restes d&#8217;una persona represaliada, tal com es tenia previst.<\/p>\n<p>La realitzaci\u00f3 de les proves d&#8217;identificaci\u00f3 gen\u00e8tica inicials no van permetre establir la relaci\u00f3 de parentiu biol\u00f2gic de les restes exhumades, per\u00f2 posteriors an\u00e0lisis van aconseguir la identificaci\u00f3 de l&#8217;individu exhumat.<\/p>\n<p>&nbsp;<\/p>\n<p>Pot consultar el llistat de represaliats enterrats en aquesta fossa prement <a href=\"https:\/\/memoriahistorica.dival.es\/wp-content\/uploads\/REPRESALIADOS-POR-NUMERO-DE-FOSA.pdf\">ac\u00ed.<\/a><\/p>\n","protected":false},"author":2,"featured_media":24664,"template":"","class_list":["post-22725","fosa","type-fosa","status-publish","has-post-thumbnail","hentry"],"acf":[],"_links":{"self":[{"href":"https:\/\/memoriahistorica.dival.es\/val\/wp-json\/wp\/v2\/fosa\/22725","targetHints":{"allow":["GET"]}}],"collection":[{"href":"https:\/\/memoriahistorica.dival.es\/val\/wp-json\/wp\/v2\/fosa"}],"about":[{"href":"https:\/\/memoriahistorica.dival.es\/val\/wp-json\/wp\/v2\/types\/fosa"}],"author":[{"embeddable":true,"href":"https:\/\/memoriahistorica.dival.es\/val\/wp-json\/wp\/v2\/users\/2"}],"version-history":[{"count":5,"href":"https:\/\/memoriahistorica.dival.es\/val\/wp-json\/wp\/v2\/fosa\/22725\/revisions"}],"predecessor-version":[{"id":28508,"href":"https:\/\/memoriahistorica.dival.es\/val\/wp-json\/wp\/v2\/fosa\/22725\/revisions\/28508"}],"wp:featuredmedia":[{"embeddable":true,"href":"https:\/\/memoriahistorica.dival.es\/val\/wp-json\/wp\/v2\/media\/24664"}],"wp:attachment":[{"href":"https:\/\/memoriahistorica.dival.es\/val\/wp-json\/wp\/v2\/media?parent=22725"}],"curies":[{"name":"wp","href":"https:\/\/api.w.org\/{rel}","templated":true}]}}

Exhumació de la fossa 69 del cementeri de Paterna

<p>Pel que sembla, en la fossa 69 del Quadrant Primer Esquerra del Cementeri Municipal de Paterna, va ser inhumat Miguel Alabort Ortega, natural de Benigànim i afusellat el 7 de setembre de 1939.</p>
<p>Encara que aqueix dia van ser afusellades 13 persones els testimoniatges familiars conten que només es va inhumar al seu parent en aquesta ubicació.</p>
<p>En 2022 es va dur a terme la primera fase del projecte, corresponent als treballs d&#8217;excavació i exhumació de les restes. Durant els mateixos es van recuperar les restes d&#8217;una persona represaliada, tal com es tenia previst.</p>
<p>La realització de les proves d&#8217;identificació genètica inicials no van permetre establir la relació de parentiu biològic de les restes exhumades, però posteriors anàlisis van aconseguir la identificació de l&#8217;individu exhumat.</p>
<p>&nbsp;</p>
<p>Pot consultar el llistat de represaliats enterrats en aquesta fossa prement <a href="https://memoriahistorica.dival.es/wp-content/uploads/REPRESALIADOS-POR-NUMERO-DE-FOSA.pdf">ací.</a></p>
