{"id":22785,"date":"2023-03-10T12:40:04","date_gmt":"2023-03-10T10:40:04","guid":{"rendered":"https:\/\/memoriahistorica.dival.es\/?post_type=fosa&#038;p=22785"},"modified":"2026-08-20T15:22:19","modified_gmt":"2026-08-20T13:22:19","slug":"exhumacion-de-la-fosa-139-del-cementerio-de-paterna","status":"publish","type":"fosa","link":"https:\/\/memoriahistorica.dival.es\/val\/fosa\/exhumacion-de-la-fosa-139-del-cementerio-de-paterna\/","title":{"rendered":"Exhumaci\u00f3n de la fosa 139 del cementerio de Paterna"},"content":{"rendered":"<p>Al parecer, en esta fosa del primer cuadrante izquierda del patio principal del Cementerio Municipal de Paterna se inhum\u00f3 a Fausto Viana Ca\u00f1ada, natural de Fuenterrobles y fusilado el 13 de agosto de 1942 junto a otras 3 personas, de las cuales s\u00f3lo una pudo acabar enterrada en un nicho del Segundo Cuadrante.<\/p>\n<p>Durante el proceso de excavaci\u00f3n de la fosa 139 se recuperaron tres esqueletos completos, tal y como se ten\u00eda previsto. Posteriormente, se procedi\u00f3 al estudio antropol\u00f3gico de los mismos para averiguar las circunstancias de su muerte.<\/p>\n<p>Tras la realizaci\u00f3n de las pruebas de identificaci\u00f3n gen\u00e9tica iniciales no fue posible establecer la relaci\u00f3n de parentesco biol\u00f3gico de los restos exhumados, pero estudios posteriores permitieron la identificaci\u00f3n de uno de los cad\u00e1veres.<\/p>\n<p>Puede consultar el listado de represaliados enterrados en esta fosa pulsando\u00a0<a href=\"https:\/\/memoriahistorica.dival.es\/wp-content\/uploads\/REPRESALIADOS-POR-NUMERO-DE-FOSA.pdf\">aqu\u00ed.<\/a><\/p>\n","protected":false},"author":2,"featured_media":22777,"template":"","class_list":["post-22785","fosa","type-fosa","status-publish","has-post-thumbnail","hentry"],"acf":[],"_links":{"self":[{"href":"https:\/\/memoriahistorica.dival.es\/val\/wp-json\/wp\/v2\/fosa\/22785","targetHints":{"allow":["GET"]}}],"collection":[{"href":"https:\/\/memoriahistorica.dival.es\/val\/wp-json\/wp\/v2\/fosa"}],"about":[{"href":"https:\/\/memoriahistorica.dival.es\/val\/wp-json\/wp\/v2\/types\/fosa"}],"author":[{"embeddable":true,"href":"https:\/\/memoriahistorica.dival.es\/val\/wp-json\/wp\/v2\/users\/2"}],"version-history":[{"count":6,"href":"https:\/\/memoriahistorica.dival.es\/val\/wp-json\/wp\/v2\/fosa\/22785\/revisions"}],"predecessor-version":[{"id":28526,"href":"https:\/\/memoriahistorica.dival.es\/val\/wp-json\/wp\/v2\/fosa\/22785\/revisions\/28526"}],"wp:featuredmedia":[{"embeddable":true,"href":"https:\/\/memoriahistorica.dival.es\/val\/wp-json\/wp\/v2\/media\/22777"}],"wp:attachment":[{"href":"https:\/\/memoriahistorica.dival.es\/val\/wp-json\/wp\/v2\/media?parent=22785"}],"curies":[{"name":"wp","href":"https:\/\/api.w.org\/{rel}","templated":true}]}}

Exhumación de la fosa 139 del cementerio de Paterna

<p>Al parecer, en esta fosa del primer cuadrante izquierda del patio principal del Cementerio Municipal de Paterna se inhumó a Fausto Viana Cañada, natural de Fuenterrobles y fusilado el 13 de agosto de 1942 junto a otras 3 personas, de las cuales sólo una pudo acabar enterrada en un nicho del Segundo Cuadrante.</p>
<p>Durante el proceso de excavación de la fosa 139 se recuperaron tres esqueletos completos, tal y como se tenía previsto. Posteriormente, se procedió al estudio antropológico de los mismos para averiguar las circunstancias de su muerte.</p>
<p>Tras la realización de las pruebas de identificación genética iniciales no fue posible establecer la relación de parentesco biológico de los restos exhumados, pero estudios posteriores permitieron la identificación de uno de los cadáveres.</p>
<p>Puede consultar el listado de represaliados enterrados en esta fosa pulsando <a href="https://memoriahistorica.dival.es/wp-content/uploads/REPRESALIADOS-POR-NUMERO-DE-FOSA.pdf">aquí.</a></p>
