{"id":23549,"date":"2026-08-25T10:15:44","date_gmt":"2026-08-25T08:15:44","guid":{"rendered":"https:\/\/memoriahistorica.dival.es\/?post_type=fosa&#038;p=23549"},"modified":"2026-08-25T10:59:01","modified_gmt":"2026-08-25T08:59:01","slug":"exhumacio-de-la-fossa-i-del-cementeri-dutiel","status":"publish","type":"fosa","link":"https:\/\/memoriahistorica.dival.es\/val\/fosa\/exhumacio-de-la-fossa-i-del-cementeri-dutiel\/","title":{"rendered":"Exhumaci\u00f3 de la fossa I del cementeri d\u2019Utiel"},"content":{"rendered":"<p>A Utiel han sigut documentats episodis repressius entre el 15 de maig de 1939 i el 15 de desembre de 1951. En la saca del 16 de juny de 1939 van ser assassinades 5 persones, inhumades en l&#8217;Antic Cementeri Civil d&#8217;Utiel \u2014segons el testimoniatge dels familiars\u2014 a difer\u00e8ncia de la resta de v\u00edctimes executades en esta localitat, que van ser enterrades en quadres o n\u00ednxols de la zona cat\u00f2lica del Cementeri Parroquial.<\/p>\n<p>Al llarg de la intervenci\u00f3 en camp del proc\u00e9s de la Fossa I d&#8217;Utiel s&#8217;han exhumat un total de 15 individus, dels quals cinc d&#8217;ells tenen indicis d&#8217;haver sigut v\u00edctimes de la repressi\u00f3 franquista, sobre la base de les fractures i ferides perimortem documentades. La resta dels cossos corresponien a enterraments comuns.<\/p>\n<p>Entre els objectes trobats destaquen botons, cinturons, llapis, soles de sabata, el coll d&#8217;una camisa, projectils, etc.<\/p>\n<p>Despr\u00e9s del processament i an\u00e0lisi de les restes biol\u00f2giques no s&#8217;han obtingut resultats fins al moment. \u00c9s necessari tindre en compte els problemes de preservaci\u00f3 de l&#8217;ADN obtingut a partir d&#8217;esta mena de mostres donada la sensibilitat del material gen\u00e8tic a les condicions ambientals a les quals ha estat exposat.<\/p>\n<p>Pot consultar el llistat de represaliats enterrats en aquesta fossa prement <a href=\"https:\/\/memoriahistorica.dival.es\/wp-content\/uploads\/REPRESALIADOS-POR-NUMERO-DE-FOSA.pdf\">ac\u00ed.<\/a><\/p>\n","protected":false},"author":2,"featured_media":23546,"template":"","class_list":["post-23549","fosa","type-fosa","status-publish","has-post-thumbnail","hentry"],"acf":[],"_links":{"self":[{"href":"https:\/\/memoriahistorica.dival.es\/val\/wp-json\/wp\/v2\/fosa\/23549","targetHints":{"allow":["GET"]}}],"collection":[{"href":"https:\/\/memoriahistorica.dival.es\/val\/wp-json\/wp\/v2\/fosa"}],"about":[{"href":"https:\/\/memoriahistorica.dival.es\/val\/wp-json\/wp\/v2\/types\/fosa"}],"author":[{"embeddable":true,"href":"https:\/\/memoriahistorica.dival.es\/val\/wp-json\/wp\/v2\/users\/2"}],"version-history":[{"count":3,"href":"https:\/\/memoriahistorica.dival.es\/val\/wp-json\/wp\/v2\/fosa\/23549\/revisions"}],"predecessor-version":[{"id":28533,"href":"https:\/\/memoriahistorica.dival.es\/val\/wp-json\/wp\/v2\/fosa\/23549\/revisions\/28533"}],"wp:featuredmedia":[{"embeddable":true,"href":"https:\/\/memoriahistorica.dival.es\/val\/wp-json\/wp\/v2\/media\/23546"}],"wp:attachment":[{"href":"https:\/\/memoriahistorica.dival.es\/val\/wp-json\/wp\/v2\/media?parent=23549"}],"curies":[{"name":"wp","href":"https:\/\/api.w.org\/{rel}","templated":true}]}}

Exhumació de la fossa I del cementeri d’Utiel

<p>A Utiel han sigut documentats episodis repressius entre el 15 de maig de 1939 i el 15 de desembre de 1951. En la saca del 16 de juny de 1939 van ser assassinades 5 persones, inhumades en l&#8217;Antic Cementeri Civil d&#8217;Utiel —segons el testimoniatge dels familiars— a diferència de la resta de víctimes executades en esta localitat, que van ser enterrades en quadres o nínxols de la zona catòlica del Cementeri Parroquial.</p>
<p>Al llarg de la intervenció en camp del procés de la Fossa I d&#8217;Utiel s&#8217;han exhumat un total de 15 individus, dels quals cinc d&#8217;ells tenen indicis d&#8217;haver sigut víctimes de la repressió franquista, sobre la base de les fractures i ferides perimortem documentades. La resta dels cossos corresponien a enterraments comuns.</p>
<p>Entre els objectes trobats destaquen botons, cinturons, llapis, soles de sabata, el coll d&#8217;una camisa, projectils, etc.</p>
<p>Després del processament i anàlisi de les restes biològiques no s&#8217;han obtingut resultats fins al moment. És necessari tindre en compte els problemes de preservació de l&#8217;ADN obtingut a partir d&#8217;esta mena de mostres donada la sensibilitat del material genètic a les condicions ambientals a les quals ha estat exposat.</p>
<p>Pot consultar el llistat de represaliats enterrats en aquesta fossa prement <a href="https://memoriahistorica.dival.es/wp-content/uploads/REPRESALIADOS-POR-NUMERO-DE-FOSA.pdf">ací.</a></p>
