{"id":28542,"date":"2026-08-25T11:03:19","date_gmt":"2026-08-25T09:03:19","guid":{"rendered":"https:\/\/memoriahistorica.dival.es\/?post_type=fosa&#038;p=28542"},"modified":"2026-08-25T11:22:43","modified_gmt":"2026-08-25T09:22:43","slug":"exhumacio-de-les-fosses-iv-i-v-del-cementeri-municipal-de-xativa","status":"publish","type":"fosa","link":"https:\/\/memoriahistorica.dival.es\/val\/fosa\/exhumacio-de-les-fosses-iv-i-v-del-cementeri-municipal-de-xativa\/","title":{"rendered":"Exhumaci\u00f3 de les fosses IV i V del cementeri municipal de X\u00e0tiva"},"content":{"rendered":"\n<figure class=\"wp-block-table\"><table class=\"has-fixed-layout\"><tbody><tr><td>Al llarg de la intervenci\u00f3 de localitzaci\u00f3, excavaci\u00f3 i exhumaci\u00f3 d&#8217;esta campanya en el Cementeri Municipal de X\u00e0tiva s&#8217;han exhumat 27 enterraments dels quals dos d&#8217;ells tenen indicis d&#8217;haver sigut v\u00edctimes de la repressi\u00f3 franquista, sobre la base de l&#8217;estudi hist\u00f2ric i a les proves forenses recopilades. <br><br>Un en la Fossa IV del Cementeri Cat\u00f2lic i l&#8217;altre en la Fossa V del Cementeri Civil. Presumptament, el primer d&#8217;ells de l&#8217;1 d&#8217;octubre de 1939, i el segon del 15 de maig de 1939. La resta dels cossos corresponien a enterraments comuns, la cronologia de les quals estaria entre finals del segle XIX fins a la segona mitat del segle XX. \u00a0 <br><br>Despr\u00e9s del processament i an\u00e0lisi de les restes biol\u00f2giques no s&#8217;han obtingut resultats fins a la data. \u00c9s necessari tindre en compte els problemes de preservaci\u00f3 de l&#8217;ADN obtingut a partir d&#8217;esta mena de mostres donada la sensibilitat del material gen\u00e8tic a les condicions ambientals a les quals ha estat exposat. \u00a0 <br><br>Pot consultar el llistat de represaliats enterrats en aquesta fossa prement <a href=\"http:\/\/memoriahistorica.dival.es\/wp-content\/uploads\/REPRESALIADOS-POR-NUMERO-DE-FOSA.pdf\">ac\u00ed.<\/a><\/td><\/tr><\/tbody><\/table><\/figure>\n","protected":false},"author":11,"featured_media":28536,"template":"","class_list":["post-28542","fosa","type-fosa","status-publish","has-post-thumbnail","hentry"],"acf":[],"_links":{"self":[{"href":"https:\/\/memoriahistorica.dival.es\/val\/wp-json\/wp\/v2\/fosa\/28542","targetHints":{"allow":["GET"]}}],"collection":[{"href":"https:\/\/memoriahistorica.dival.es\/val\/wp-json\/wp\/v2\/fosa"}],"about":[{"href":"https:\/\/memoriahistorica.dival.es\/val\/wp-json\/wp\/v2\/types\/fosa"}],"author":[{"embeddable":true,"href":"https:\/\/memoriahistorica.dival.es\/val\/wp-json\/wp\/v2\/users\/11"}],"version-history":[{"count":1,"href":"https:\/\/memoriahistorica.dival.es\/val\/wp-json\/wp\/v2\/fosa\/28542\/revisions"}],"predecessor-version":[{"id":28543,"href":"https:\/\/memoriahistorica.dival.es\/val\/wp-json\/wp\/v2\/fosa\/28542\/revisions\/28543"}],"wp:featuredmedia":[{"embeddable":true,"href":"https:\/\/memoriahistorica.dival.es\/val\/wp-json\/wp\/v2\/media\/28536"}],"wp:attachment":[{"href":"https:\/\/memoriahistorica.dival.es\/val\/wp-json\/wp\/v2\/media?parent=28542"}],"curies":[{"name":"wp","href":"https:\/\/api.w.org\/{rel}","templated":true}]}}

Exhumació de les fosses IV i V del cementeri municipal de Xàtiva

<figure class="wp-block-table"><table class="has-fixed-layout"><tbody><tr><td>Al llarg de la intervenció de localització, excavació i exhumació d&#8217;esta campanya en el Cementeri Municipal de Xàtiva s&#8217;han exhumat 27 enterraments dels quals dos d&#8217;ells tenen indicis d&#8217;haver sigut víctimes de la repressió franquista, sobre la base de l&#8217;estudi històric i a les proves forenses recopilades. <br><br>Un en la Fossa IV del Cementeri Catòlic i l&#8217;altre en la Fossa V del Cementeri Civil. Presumptament, el primer d&#8217;ells de l&#8217;1 d&#8217;octubre de 1939, i el segon del 15 de maig de 1939. La resta dels cossos corresponien a enterraments comuns, la cronologia de les quals estaria entre finals del segle XIX fins a la segona mitat del segle XX.   <br><br>Després del processament i anàlisi de les restes biològiques no s&#8217;han obtingut resultats fins a la data. És necessari tindre en compte els problemes de preservació de l&#8217;ADN obtingut a partir d&#8217;esta mena de mostres donada la sensibilitat del material genètic a les condicions ambientals a les quals ha estat exposat.   <br><br>Pot consultar el llistat de represaliats enterrats en aquesta fossa prement <a href="http://memoriahistorica.dival.es/wp-content/uploads/REPRESALIADOS-POR-NUMERO-DE-FOSA.pdf">ací.</a></td></tr></tbody></table></figure>
