{"id":28552,"date":"2026-08-25T11:21:26","date_gmt":"2026-08-25T09:21:26","guid":{"rendered":"https:\/\/memoriahistorica.dival.es\/?post_type=fosa&#038;p=28552"},"modified":"2026-08-25T13:47:26","modified_gmt":"2026-08-25T11:47:26","slug":"exhumacio-de-la-fossa-146-del-cementeri-de-paterna","status":"publish","type":"fosa","link":"https:\/\/memoriahistorica.dival.es\/val\/fosa\/exhumacio-de-la-fossa-146-del-cementeri-de-paterna\/","title":{"rendered":"Exhumaci\u00f3 de la fossa 146 del cementeri de Paterna"},"content":{"rendered":"\n<p class=\"wp-block-paragraph\">En l&#8217;actual ubicaci\u00f3 de la Fossa 146 del primer quadrant esquerra del Cementeri Municipal de Paterna s&#8217;ha localitzat una fossa comuna amb tres inhumacions que podrien tractar-se de v\u00edctimes de la repressi\u00f3, i dos fosses individuals realitzades a posteriori. Es pot concloure que la Fossa 146 no cont\u00e9 una fossa comuna de dotze represaliats del franquisme tal com apuntaven les investigacions.<\/p>\n\n\n\n<p class=\"wp-block-paragraph\">Un aspecte a destacar \u00e9s la troballa d&#8217;un tub de cristall que contenia un paper amb el nom Germ\u00e1n P\u00e9rez S\u00e1nchez associat a un dels individus exhumats. No obstant aix\u00f2, nom\u00e9s a trav\u00e9s de la compatibilitat gen\u00e8tica es podria associar este esquelet a la identitat de Germ\u00e1n S\u00e1nchez.<\/p>\n\n\n\n<p class=\"wp-block-paragraph\">Despr\u00e9s del processament i an\u00e0lisi de les restes biol\u00f2giques no s&#8217;han obtingut resultats fins a la data. \u00c9s necessari tindre en compte els problemes de preservaci\u00f3 de l&#8217;ADN obtingut a partir d&#8217;esta mena de mostres donada la sensibilitat del material gen\u00e8tic a les condicions ambientals a les quals ha estat exposat. <\/p>\n\n\n\n<p class=\"wp-block-paragraph\">Pot consultar el llistat de represaliats enterrats en aquesta fossa prement <a href=\"http:\/\/memoriahistorica.dival.es\/wp-content\/uploads\/REPRESALIADOS-POR-NUMERO-DE-FOSA.pdf\">ac\u00ed.<\/a><\/p>\n\n\n\n<p class=\"wp-block-paragraph\"><\/p>\n","protected":false},"author":11,"featured_media":28550,"template":"","class_list":["post-28552","fosa","type-fosa","status-publish","has-post-thumbnail","hentry"],"acf":[],"_links":{"self":[{"href":"https:\/\/memoriahistorica.dival.es\/val\/wp-json\/wp\/v2\/fosa\/28552","targetHints":{"allow":["GET"]}}],"collection":[{"href":"https:\/\/memoriahistorica.dival.es\/val\/wp-json\/wp\/v2\/fosa"}],"about":[{"href":"https:\/\/memoriahistorica.dival.es\/val\/wp-json\/wp\/v2\/types\/fosa"}],"author":[{"embeddable":true,"href":"https:\/\/memoriahistorica.dival.es\/val\/wp-json\/wp\/v2\/users\/11"}],"version-history":[{"count":2,"href":"https:\/\/memoriahistorica.dival.es\/val\/wp-json\/wp\/v2\/fosa\/28552\/revisions"}],"predecessor-version":[{"id":28592,"href":"https:\/\/memoriahistorica.dival.es\/val\/wp-json\/wp\/v2\/fosa\/28552\/revisions\/28592"}],"wp:featuredmedia":[{"embeddable":true,"href":"https:\/\/memoriahistorica.dival.es\/val\/wp-json\/wp\/v2\/media\/28550"}],"wp:attachment":[{"href":"https:\/\/memoriahistorica.dival.es\/val\/wp-json\/wp\/v2\/media?parent=28552"}],"curies":[{"name":"wp","href":"https:\/\/api.w.org\/{rel}","templated":true}]}}

Exhumació de la fossa 146 del cementeri de Paterna

<p class="wp-block-paragraph">En l&#8217;actual ubicació de la Fossa 146 del primer quadrant esquerra del Cementeri Municipal de Paterna s&#8217;ha localitzat una fossa comuna amb tres inhumacions que podrien tractar-se de víctimes de la repressió, i dos fosses individuals realitzades a posteriori. Es pot concloure que la Fossa 146 no conté una fossa comuna de dotze represaliats del franquisme tal com apuntaven les investigacions.</p>



<p class="wp-block-paragraph">Un aspecte a destacar és la troballa d&#8217;un tub de cristall que contenia un paper amb el nom Germán Pérez Sánchez associat a un dels individus exhumats. No obstant això, només a través de la compatibilitat genètica es podria associar este esquelet a la identitat de Germán Sánchez.</p>



<p class="wp-block-paragraph">Després del processament i anàlisi de les restes biològiques no s&#8217;han obtingut resultats fins a la data. És necessari tindre en compte els problemes de preservació de l&#8217;ADN obtingut a partir d&#8217;esta mena de mostres donada la sensibilitat del material genètic a les condicions ambientals a les quals ha estat exposat. </p>



<p class="wp-block-paragraph">Pot consultar el llistat de represaliats enterrats en aquesta fossa prement <a href="http://memoriahistorica.dival.es/wp-content/uploads/REPRESALIADOS-POR-NUMERO-DE-FOSA.pdf">ací.</a></p>



<p class="wp-block-paragraph"></p>
