{"id":28562,"date":"2026-08-25T11:54:36","date_gmt":"2026-08-25T09:54:36","guid":{"rendered":"https:\/\/memoriahistorica.dival.es\/?post_type=fosa&#038;p=28562"},"modified":"2026-08-25T11:54:37","modified_gmt":"2026-08-25T09:54:37","slug":"exhumacio-de-les-fosses-32-32b-49-i-49b-del-cementeri-de-paterna","status":"publish","type":"fosa","link":"https:\/\/memoriahistorica.dival.es\/val\/fosa\/exhumacio-de-les-fosses-32-32b-49-i-49b-del-cementeri-de-paterna\/","title":{"rendered":"Exhumaci\u00f3 de les fosses 32-32B-49 i 49B del cementeri de Paterna"},"content":{"rendered":"\n<p class=\"wp-block-paragraph\">Entre els dies 18 de desembre de 2023 i 5 de febrer de 2024 es van dur a terme els treballs de localitzaci\u00f3, excavaci\u00f3 i exhumaci\u00f3 de les fosses 32 i 49, suposadament buides, i les possibles fosses 32B i 49B del cementeri municipal de Paterna. Segons les investigacions pr\u00e8vies realitzades es desconeix la identitat de les v\u00edctimes que podrien trobar-se en eixes fosses. Possiblement es tracta de fosses utilitzades per a enterrar a persones afusellades entre el 25 i el 27 d&#8217;octubre el parador del qual es desconeix.<\/p>\n\n\n\n<p class=\"wp-block-paragraph\">Al llarg de la intervenci\u00f3 d&#8217;esta campanya en el Cementeri Municipal de Paterna s&#8217;han exhumat 14 enterraments dels quals un t\u00e9 indicis de ser v\u00edctima de la repressi\u00f3 franquista. La resta han resultat inhumacions comunes entre les quals es distingien tres en forma de reducci\u00f3.<\/p>\n\n\n\n<p class=\"wp-block-paragraph\">Durant el proc\u00e9s d&#8217;identificaci\u00f3 gen\u00e8tica es van realitzar tres assajos com a m\u00ednim en cada una de les mostres, per\u00f2 no van donar resultats que puguen ser utilitzats en els estudis de parentiu. El material proporcionat es va esgotar durant estos estudis i no va permetre la seua rean\u00e0lisi. <\/p>\n\n\n\n<p class=\"wp-block-paragraph\">Pot consultar el llistat de represaliats enterrats en aquesta fossa prement <a href=\"http:\/\/memoriahistorica.dival.es\/wp-content\/uploads\/REPRESALIADOS-POR-NUMERO-DE-FOSA.pdf\">ac\u00ed.<\/a><\/p>\n","protected":false},"author":11,"featured_media":28560,"template":"","class_list":["post-28562","fosa","type-fosa","status-publish","has-post-thumbnail","hentry"],"acf":[],"_links":{"self":[{"href":"https:\/\/memoriahistorica.dival.es\/val\/wp-json\/wp\/v2\/fosa\/28562","targetHints":{"allow":["GET"]}}],"collection":[{"href":"https:\/\/memoriahistorica.dival.es\/val\/wp-json\/wp\/v2\/fosa"}],"about":[{"href":"https:\/\/memoriahistorica.dival.es\/val\/wp-json\/wp\/v2\/types\/fosa"}],"author":[{"embeddable":true,"href":"https:\/\/memoriahistorica.dival.es\/val\/wp-json\/wp\/v2\/users\/11"}],"version-history":[{"count":1,"href":"https:\/\/memoriahistorica.dival.es\/val\/wp-json\/wp\/v2\/fosa\/28562\/revisions"}],"predecessor-version":[{"id":28563,"href":"https:\/\/memoriahistorica.dival.es\/val\/wp-json\/wp\/v2\/fosa\/28562\/revisions\/28563"}],"wp:featuredmedia":[{"embeddable":true,"href":"https:\/\/memoriahistorica.dival.es\/val\/wp-json\/wp\/v2\/media\/28560"}],"wp:attachment":[{"href":"https:\/\/memoriahistorica.dival.es\/val\/wp-json\/wp\/v2\/media?parent=28562"}],"curies":[{"name":"wp","href":"https:\/\/api.w.org\/{rel}","templated":true}]}}

Exhumació de les fosses 32-32B-49 i 49B del cementeri de Paterna

<p class="wp-block-paragraph">Entre els dies 18 de desembre de 2023 i 5 de febrer de 2024 es van dur a terme els treballs de localització, excavació i exhumació de les fosses 32 i 49, suposadament buides, i les possibles fosses 32B i 49B del cementeri municipal de Paterna. Segons les investigacions prèvies realitzades es desconeix la identitat de les víctimes que podrien trobar-se en eixes fosses. Possiblement es tracta de fosses utilitzades per a enterrar a persones afusellades entre el 25 i el 27 d&#8217;octubre el parador del qual es desconeix.</p>



<p class="wp-block-paragraph">Al llarg de la intervenció d&#8217;esta campanya en el Cementeri Municipal de Paterna s&#8217;han exhumat 14 enterraments dels quals un té indicis de ser víctima de la repressió franquista. La resta han resultat inhumacions comunes entre les quals es distingien tres en forma de reducció.</p>



<p class="wp-block-paragraph">Durant el procés d&#8217;identificació genètica es van realitzar tres assajos com a mínim en cada una de les mostres, però no van donar resultats que puguen ser utilitzats en els estudis de parentiu. El material proporcionat es va esgotar durant estos estudis i no va permetre la seua reanàlisi. </p>



<p class="wp-block-paragraph">Pot consultar el llistat de represaliats enterrats en aquesta fossa prement <a href="http://memoriahistorica.dival.es/wp-content/uploads/REPRESALIADOS-POR-NUMERO-DE-FOSA.pdf">ací.</a></p>
