{"id":28564,"date":"2026-08-25T12:55:31","date_gmt":"2026-08-25T10:55:31","guid":{"rendered":"https:\/\/memoriahistorica.dival.es\/?post_type=fosa&#038;p=28564"},"modified":"2026-08-25T13:32:30","modified_gmt":"2026-08-25T11:32:30","slug":"exhumacion-de-la-fosa-i-del-cementerio-de-sueca","status":"publish","type":"fosa","link":"https:\/\/memoriahistorica.dival.es\/val\/fosa\/exhumacion-de-la-fosa-i-del-cementerio-de-sueca\/","title":{"rendered":"Exhumaci\u00f3 de la fossa I del cementeri de Sueca"},"content":{"rendered":"\n<p class=\"wp-block-paragraph\">Este projecte, l&#8217;objectiu del qual era l&#8217;excavaci\u00f3 i exhumaci\u00f3 de les restes \u00f2ssies inhumades a l&#8217;interior del Cementeri Municipal de Sueca \u2014lloc en el qual es cree van ser llan\u00e7ades les v\u00edctimes assassinades entre maig i juliol de 1939\u2014 va comptar amb la subvenci\u00f3 de la Conselleria de Participaci\u00f3, Transpar\u00e8ncia, Cooperaci\u00f3 i Qualitat Democr\u00e0tica de la Comunitat Val\u00e8ncia per a sufragar els gastos relacionats amb els treballs de camp.<\/p>\n\n\n\n<p class=\"wp-block-paragraph\">Al llarg de la intervenci\u00f3 en camp de la Fossa I del cementeri municipal de Sueca, es van recuperar un total de 54 individus. Estar\u00edem davant les v\u00edctimes assassinades el 17 de maig, el 13 de juny i el 20 de juliol de 1939 durant els primers mesos de la repressi\u00f3 franquista.<\/p>\n\n\n\n<p class=\"wp-block-paragraph\">Els treballs de postexcavaci\u00f3 \u2014mem\u00f2ries arqueol\u00f2giques, estudi antropol\u00f2gic, estudi gen\u00e8tic, etc.\u2014 van ser sufragats per la Diputaci\u00f3 de Val\u00e8ncia.<\/p>\n\n\n\n<p class=\"wp-block-paragraph\">Abans de procedir al seu estudi antropol\u00f2gic, cada esquelet va rebre una neteja en sec i es va seleccionar una mostra \u00f2ssia i dental per a la seua an\u00e0lisi gen\u00e8tica, amb la finalitat d&#8217;accelerar els temps en la identificaci\u00f3 de la v\u00edctima.<\/p>\n\n\n\n<p class=\"wp-block-paragraph\">Durant la intervenci\u00f3 de la fossa, van apar\u00e9ixer gran quantitat d&#8217;objectes associats a les restes exhumades. <\/p>\n\n\n\n<p class=\"wp-block-paragraph\">Pot consultar el llistat de represaliats enterrats en aquesta fossa prement <a href=\"http:\/\/memoriahistorica.dival.es\/wp-content\/uploads\/REPRESALIADOS-POR-NUMERO-DE-FOSA.pdf\">ac\u00ed.<\/a><\/p>\n","protected":false},"author":11,"featured_media":28571,"template":"","class_list":["post-28564","fosa","type-fosa","status-publish","has-post-thumbnail","hentry"],"acf":[],"_links":{"self":[{"href":"https:\/\/memoriahistorica.dival.es\/val\/wp-json\/wp\/v2\/fosa\/28564","targetHints":{"allow":["GET"]}}],"collection":[{"href":"https:\/\/memoriahistorica.dival.es\/val\/wp-json\/wp\/v2\/fosa"}],"about":[{"href":"https:\/\/memoriahistorica.dival.es\/val\/wp-json\/wp\/v2\/types\/fosa"}],"author":[{"embeddable":true,"href":"https:\/\/memoriahistorica.dival.es\/val\/wp-json\/wp\/v2\/users\/11"}],"version-history":[{"count":3,"href":"https:\/\/memoriahistorica.dival.es\/val\/wp-json\/wp\/v2\/fosa\/28564\/revisions"}],"predecessor-version":[{"id":28593,"href":"https:\/\/memoriahistorica.dival.es\/val\/wp-json\/wp\/v2\/fosa\/28564\/revisions\/28593"}],"wp:featuredmedia":[{"embeddable":true,"href":"https:\/\/memoriahistorica.dival.es\/val\/wp-json\/wp\/v2\/media\/28571"}],"wp:attachment":[{"href":"https:\/\/memoriahistorica.dival.es\/val\/wp-json\/wp\/v2\/media?parent=28564"}],"curies":[{"name":"wp","href":"https:\/\/api.w.org\/{rel}","templated":true}]}}

Exhumació de la fossa I del cementeri de Sueca

<p class="wp-block-paragraph">Este projecte, l&#8217;objectiu del qual era l&#8217;excavació i exhumació de les restes òssies inhumades a l&#8217;interior del Cementeri Municipal de Sueca —lloc en el qual es cree van ser llançades les víctimes assassinades entre maig i juliol de 1939— va comptar amb la subvenció de la Conselleria de Participació, Transparència, Cooperació i Qualitat Democràtica de la Comunitat València per a sufragar els gastos relacionats amb els treballs de camp.</p>



<p class="wp-block-paragraph">Al llarg de la intervenció en camp de la Fossa I del cementeri municipal de Sueca, es van recuperar un total de 54 individus. Estaríem davant les víctimes assassinades el 17 de maig, el 13 de juny i el 20 de juliol de 1939 durant els primers mesos de la repressió franquista.</p>



<p class="wp-block-paragraph">Els treballs de postexcavació —memòries arqueològiques, estudi antropològic, estudi genètic, etc.— van ser sufragats per la Diputació de València.</p>



<p class="wp-block-paragraph">Abans de procedir al seu estudi antropològic, cada esquelet va rebre una neteja en sec i es va seleccionar una mostra òssia i dental per a la seua anàlisi genètica, amb la finalitat d&#8217;accelerar els temps en la identificació de la víctima.</p>



<p class="wp-block-paragraph">Durant la intervenció de la fossa, van aparéixer gran quantitat d&#8217;objectes associats a les restes exhumades. </p>



<p class="wp-block-paragraph">Pot consultar el llistat de represaliats enterrats en aquesta fossa prement <a href="http://memoriahistorica.dival.es/wp-content/uploads/REPRESALIADOS-POR-NUMERO-DE-FOSA.pdf">ací.</a></p>
