{"id":28618,"date":"2026-08-26T13:33:41","date_gmt":"2026-08-26T11:33:41","guid":{"rendered":"https:\/\/memoriahistorica.dival.es\/?post_type=fosa&#038;p=28618"},"modified":"2026-08-27T10:05:43","modified_gmt":"2026-08-27T08:05:43","slug":"tercera-campanya-dexhumacio-de-les-fosses-i-i-ii-del-cementeri-municipal-de-gandia","status":"publish","type":"fosa","link":"https:\/\/memoriahistorica.dival.es\/val\/fosa\/tercera-campanya-dexhumacio-de-les-fosses-i-i-ii-del-cementeri-municipal-de-gandia\/","title":{"rendered":"Tercera campanya d\u2019exhumaci\u00f3 de les fosses I i II del cementeri municipal de Gandia"},"content":{"rendered":"\n<p class=\"wp-block-paragraph\">En 2022 l&#8217;ajuntament de Gandia va sol\u00b7licitar una subvenci\u00f3 a la Conselleria de Participaci\u00f3, Transpar\u00e8ncia, Cooperaci\u00f3 i Qualitat Democr\u00e0tica per a intentar localitzar a 54 v\u00edctimes de la repressi\u00f3 franquista inhumades en el Cementeri Municipal de Gandia. Amb eixe objectiu es van realitzar 3 sondejos en les fosses comunes I i II que van permetre recuperar 27 cossos, compatibles amb restes \u00f2ssies de represaliats pels diferents marcadors de viol\u00e8ncia que presentaven.<\/p>\n\n\n\n<p class=\"wp-block-paragraph\">Entre els objectes associats a les fosses comunes es van documentar botons, cinturons de cuir, llapis, chisqueros, enganxaments, raspalls de dents, soles de sabata, un pot de medicament, un didal, un protector inguinal, dos botelles de cristall, dos pintes, una cullera, etc.<\/p>\n\n\n\n<p class=\"wp-block-paragraph\">En 2024, una subvenci\u00f3 de la Delegaci\u00f3 de Mem\u00f2ria Democr\u00e0tica de la Diputaci\u00f3 de Val\u00e8ncia va permetre realitzar l&#8217;estudi antropol\u00f2gic dels cossos recuperats i impulsar les an\u00e0lisis de laboratori, que van donar com a resultat la identificaci\u00f3 de 4 v\u00edctimes de les 27 exhumades. <\/p>\n\n\n\n<p class=\"wp-block-paragraph\">Pot consultar el llistat de represaliats enterrats en aquesta fossa prement <a href=\"http:\/\/memoriahistorica.dival.es\/wp-content\/uploads\/REPRESALIADOS-POR-NUMERO-DE-FOSA.pdf\">ac\u00ed.<\/a><\/p>\n","protected":false},"author":11,"featured_media":28616,"template":"","class_list":["post-28618","fosa","type-fosa","status-publish","has-post-thumbnail","hentry"],"acf":[],"_links":{"self":[{"href":"https:\/\/memoriahistorica.dival.es\/val\/wp-json\/wp\/v2\/fosa\/28618","targetHints":{"allow":["GET"]}}],"collection":[{"href":"https:\/\/memoriahistorica.dival.es\/val\/wp-json\/wp\/v2\/fosa"}],"about":[{"href":"https:\/\/memoriahistorica.dival.es\/val\/wp-json\/wp\/v2\/types\/fosa"}],"author":[{"embeddable":true,"href":"https:\/\/memoriahistorica.dival.es\/val\/wp-json\/wp\/v2\/users\/11"}],"version-history":[{"count":2,"href":"https:\/\/memoriahistorica.dival.es\/val\/wp-json\/wp\/v2\/fosa\/28618\/revisions"}],"predecessor-version":[{"id":28639,"href":"https:\/\/memoriahistorica.dival.es\/val\/wp-json\/wp\/v2\/fosa\/28618\/revisions\/28639"}],"wp:featuredmedia":[{"embeddable":true,"href":"https:\/\/memoriahistorica.dival.es\/val\/wp-json\/wp\/v2\/media\/28616"}],"wp:attachment":[{"href":"https:\/\/memoriahistorica.dival.es\/val\/wp-json\/wp\/v2\/media?parent=28618"}],"curies":[{"name":"wp","href":"https:\/\/api.w.org\/{rel}","templated":true}]}}

Tercera campanya d’exhumació de les fosses I i II del cementeri municipal de Gandia

<p class="wp-block-paragraph">En 2022 l&#8217;ajuntament de Gandia va sol·licitar una subvenció a la Conselleria de Participació, Transparència, Cooperació i Qualitat Democràtica per a intentar localitzar a 54 víctimes de la repressió franquista inhumades en el Cementeri Municipal de Gandia. Amb eixe objectiu es van realitzar 3 sondejos en les fosses comunes I i II que van permetre recuperar 27 cossos, compatibles amb restes òssies de represaliats pels diferents marcadors de violència que presentaven.</p>



<p class="wp-block-paragraph">Entre els objectes associats a les fosses comunes es van documentar botons, cinturons de cuir, llapis, chisqueros, enganxaments, raspalls de dents, soles de sabata, un pot de medicament, un didal, un protector inguinal, dos botelles de cristall, dos pintes, una cullera, etc.</p>



<p class="wp-block-paragraph">En 2024, una subvenció de la Delegació de Memòria Democràtica de la Diputació de València va permetre realitzar l&#8217;estudi antropològic dels cossos recuperats i impulsar les anàlisis de laboratori, que van donar com a resultat la identificació de 4 víctimes de les 27 exhumades. </p>



<p class="wp-block-paragraph">Pot consultar el llistat de represaliats enterrats en aquesta fossa prement <a href="http://memoriahistorica.dival.es/wp-content/uploads/REPRESALIADOS-POR-NUMERO-DE-FOSA.pdf">ací.</a></p>
