{"id":28679,"date":"2026-09-02T12:19:23","date_gmt":"2026-09-02T10:19:23","guid":{"rendered":"https:\/\/memoriahistorica.dival.es\/?post_type=fosa&#038;p=28679"},"modified":"2026-09-02T12:27:32","modified_gmt":"2026-09-02T10:27:32","slug":"exhumacio-de-restes-cadaveriques-del-cementeri-parroquial-de-manises","status":"publish","type":"fosa","link":"https:\/\/memoriahistorica.dival.es\/val\/fosa\/exhumacio-de-restes-cadaveriques-del-cementeri-parroquial-de-manises\/","title":{"rendered":"Exhumaci\u00f3 de restes cadav\u00e8riques del n\u00ednxol 41 del cementeri parroquial de Manises"},"content":{"rendered":"\n<p class=\"wp-block-paragraph\">L&#8217;objectiu principal d&#8217;este projecte \u00e9s la recuperaci\u00f3 i identificaci\u00f3 de les restes de Nicol\u00e1s Arroyo Flores, natural de Palenciana (C\u00f2rdova), assassinat el 17 d&#8217;agost de 1936 al costat d&#8217;altres dos individus en el camp d&#8217;aviaci\u00f3. En data 18 d&#8217;agost de 1936 es van trobar huit cad\u00e0vers m\u00e9s de gu\u00e0rdies civils en els voltants del camp.<\/p>\n\n\n\n<p class=\"wp-block-paragraph\">Els treballs, realitzats el 18 de novembre de 2024,&nbsp; van consistir en la supervisi\u00f3 del proc\u00e9s d&#8217;exhumaci\u00f3 de les restes contingudes en el n\u00ednxol n\u00fam. 41 &#8211; secci\u00f3 38 F del cementeri de Manises, i una primera an\u00e0lisi macrosc\u00f2pica d&#8217;estos. Les restes esquel\u00e8tiques procedents del citat n\u00ednxol s\u00f3n resultat d&#8217;un dep\u00f2sit secundari que, al llarg de les d\u00e8cades, ha patit un o diversos trasllats des del lloc primigeni d&#8217;enterrament (ja siga la fossa comuna de Paterna o una altra ubicaci\u00f3) fins al n\u00ednxol.<\/p>\n\n\n\n<p class=\"wp-block-paragraph\">Quan l&#8217;equip t\u00e8cnic del Grup Paleolab va arribar a les depend\u00e8ncies del cementeri, el n\u00ednxol ja estava obert sense la seua supervisi\u00f3 i el ta\u00fct amb les restes esquel\u00e8tiques a l&#8217;interior de la capella del cementeri.<\/p>\n\n\n\n<p class=\"wp-block-paragraph\">No va ser possible identificar les restes de l&#8217;avi biol\u00f2gic de Sra. Isabel Arroyo Cuenca i Sr. Nicol\u00e1s Arroyo Cuenca donat l&#8217;estat de conservaci\u00f3 de l&#8217;ADN d&#8217;algun dels restes. <\/p>\n\n\n\n<p class=\"wp-block-paragraph\">Pot consultar el llistat de represaliats enterrats en aquesta fossa prement <a href=\"http:\/\/memoriahistorica.dival.es\/wp-content\/uploads\/REPRESALIADOS-POR-NUMERO-DE-FOSA.pdf\">ac\u00ed.<\/a><\/p>\n","protected":false},"author":11,"featured_media":28673,"template":"","class_list":["post-28679","fosa","type-fosa","status-publish","has-post-thumbnail","hentry"],"acf":[],"_links":{"self":[{"href":"https:\/\/memoriahistorica.dival.es\/val\/wp-json\/wp\/v2\/fosa\/28679","targetHints":{"allow":["GET"]}}],"collection":[{"href":"https:\/\/memoriahistorica.dival.es\/val\/wp-json\/wp\/v2\/fosa"}],"about":[{"href":"https:\/\/memoriahistorica.dival.es\/val\/wp-json\/wp\/v2\/types\/fosa"}],"author":[{"embeddable":true,"href":"https:\/\/memoriahistorica.dival.es\/val\/wp-json\/wp\/v2\/users\/11"}],"version-history":[{"count":2,"href":"https:\/\/memoriahistorica.dival.es\/val\/wp-json\/wp\/v2\/fosa\/28679\/revisions"}],"predecessor-version":[{"id":28682,"href":"https:\/\/memoriahistorica.dival.es\/val\/wp-json\/wp\/v2\/fosa\/28679\/revisions\/28682"}],"wp:featuredmedia":[{"embeddable":true,"href":"https:\/\/memoriahistorica.dival.es\/val\/wp-json\/wp\/v2\/media\/28673"}],"wp:attachment":[{"href":"https:\/\/memoriahistorica.dival.es\/val\/wp-json\/wp\/v2\/media?parent=28679"}],"curies":[{"name":"wp","href":"https:\/\/api.w.org\/{rel}","templated":true}]}}

Exhumació de restes cadavèriques del nínxol 41 del cementeri parroquial de Manises

<p class="wp-block-paragraph">L&#8217;objectiu principal d&#8217;este projecte és la recuperació i identificació de les restes de Nicolás Arroyo Flores, natural de Palenciana (Còrdova), assassinat el 17 d&#8217;agost de 1936 al costat d&#8217;altres dos individus en el camp d&#8217;aviació. En data 18 d&#8217;agost de 1936 es van trobar huit cadàvers més de guàrdies civils en els voltants del camp.</p>



<p class="wp-block-paragraph">Els treballs, realitzats el 18 de novembre de 2024,&nbsp; van consistir en la supervisió del procés d&#8217;exhumació de les restes contingudes en el nínxol núm. 41 &#8211; secció 38 F del cementeri de Manises, i una primera anàlisi macroscòpica d&#8217;estos. Les restes esquelètiques procedents del citat nínxol són resultat d&#8217;un depòsit secundari que, al llarg de les dècades, ha patit un o diversos trasllats des del lloc primigeni d&#8217;enterrament (ja siga la fossa comuna de Paterna o una altra ubicació) fins al nínxol.</p>



<p class="wp-block-paragraph">Quan l&#8217;equip tècnic del Grup Paleolab va arribar a les dependències del cementeri, el nínxol ja estava obert sense la seua supervisió i el taüt amb les restes esquelètiques a l&#8217;interior de la capella del cementeri.</p>



<p class="wp-block-paragraph">No va ser possible identificar les restes de l&#8217;avi biològic de Sra. Isabel Arroyo Cuenca i Sr. Nicolás Arroyo Cuenca donat l&#8217;estat de conservació de l&#8217;ADN d&#8217;algun dels restes. </p>



<p class="wp-block-paragraph">Pot consultar el llistat de represaliats enterrats en aquesta fossa prement <a href="http://memoriahistorica.dival.es/wp-content/uploads/REPRESALIADOS-POR-NUMERO-DE-FOSA.pdf">ací.</a></p>
