{"id":18442,"date":"2018-01-30T12:08:15","date_gmt":"2018-01-30T12:08:15","guid":{"rendered":"https:\/\/memoriahistorica.dival.es\/la-memoria-en-las-bibliotecas\/"},"modified":"2025-12-09T13:42:16","modified_gmt":"2025-12-09T12:42:16","slug":"la-memoria-en-las-bibliotecas","status":"publish","type":"page","link":"https:\/\/memoriahistorica.dival.es\/val\/programes\/la-memoria-en-las-bibliotecas\/","title":{"rendered":"La mem\u00f2ria a les biblioteques"},"content":{"rendered":"\n<div class=\"wp-block-group contenido-basico\"><div class=\"wp-block-group__inner-container is-layout-constrained wp-block-group-is-layout-constrained\">\n<p><\/p>\n\n\n\n<p>Esta l\u00ednia d\u2019actuaci\u00f3 es va iniciar en 2016 amb la intenci\u00f3 d\u2019acostar a tots els racons de la prov\u00edncia de Val\u00e8ncia informaci\u00f3 de qualitat, gratu\u00efta i adequada als diferents p\u00fablics sobre el per\u00edode que abasta la Mem\u00f2ria Democr\u00e0tica. L\u2019adhesi\u00f3 es va realitzar mitjan\u00e7ant una invitaci\u00f3 a totes les biblioteques i ag\u00e8ncies de lectura de la prov\u00edncia.<\/p>\n\n\n\n<p>Unir-se a este projecte no suposa cap cost per als ajuntaments ni per a les biblioteques, ja que reben com a donatiu una selecci\u00f3 bibliogr\u00e0fica preparada per la Delegaci\u00f3 de Mem\u00f2ria Democr\u00e0tica de la Diputaci\u00f3. L\u2019objectiu \u00e9s que qualsevol ciutad\u00e0 de la prov\u00edncia puga accedir, pels seus propis mitjans i de manera gratu\u00efta, a informaci\u00f3 de qualitat sobre este per\u00edode.<\/p>\n\n\n\n<p>El projecte va comen\u00e7ar amb 92 municipis i ha anat incorporant noves adhesions de manera sostinguda, fins a arribar a les 135 biblioteques adherides en l\u2019actualitat.<\/p>\n\n\n\n<p>En l\u2019\u00faltima d\u00e8cada el programa ha distribu\u00eft m\u00e9s de 12.000 exemplars corresponents a m\u00e9s de 100 t\u00edtols, arribant a m\u00e9s de 3 milions d\u2019habitants en tots els racons de la prov\u00edncia.<\/p>\n\n\n\n<p>La selecci\u00f3 de t\u00edtols, a m\u00e9s de prioritzar la qualitat cient\u00edfica i narrativa dels continguts, t\u00e9 en compte diferents formats \u2014c\u00f2mics, <em>fotollibres<\/em>, etc.\u2014 que faciliten l\u2019acc\u00e9s a p\u00fablics menys afins a la lectura de monografies. Entre els t\u00edtols seleccionats hi figuren obres premiades, publicacions sorgides per micromecenatge, treballs de prestigiosos historiadors i d\u2019investigadors valencians. Amb esta l\u00ednia de treball tamb\u00e9 es pret\u00e9n donar suport a associacions i editorials compromeses amb la investigaci\u00f3 en este camp, i fomentar la col\u00b7laboraci\u00f3 entre administracions i institucions, moltes de les quals han cedit gratu\u00eftament publicacions per a la campanya.<\/p>\n\n\n\n<p>El projecte realitza cada any una an\u00e0lisi del mapa provincial i de l\u2019abast en les diferents comarques per a seleccionar nous municipis. El contacte amb els ajuntaments s\u2019efectua directament amb alcaldes o t\u00e8cnics de cultura, als quals s\u2019oferix la possibilitat d\u2019adscriure\u2019s gratu\u00eftament al programa. Gr\u00e0cies a este procediment, La mem\u00f2ria en les biblioteques ha anat incorporant nous municipis de manera sostinguda i consolidant la seua pres\u00e8ncia en la prov\u00edncia.<\/p>\n\n\n\n<div style=\"height:65px\" aria-hidden=\"true\" class=\"wp-block-spacer\"><\/div>\n\n\n\n<div class=\"wp-block-buttons is-content-justification-center is-layout-flex wp-container-core-buttons-is-layout-16018d1d wp-block-buttons-is-layout-flex\">\n<div class=\"wp-block-button boton-flecha-der f15 mb-10\"><a class=\" wp-element-button\" href=\"https:\/\/www.google.com\/maps\/d\/u\/0\/edit?mid=1w72wCTVNj7fI26VOUVuIoVzJ3ZqGpRAI&amp;ll=38.92417376926362%2C-0.5815226628444936&amp;z=11\" target=\"_blank\" rel=\"noreferrer noopener\">Consulta en el mapa els municipis adherits al programa<\/a><\/div>\n<\/div>\n<\/div><\/div>\n\n\n\n<p><\/p>\n","protected":false},"excerpt":{"rendered":"<p>Esta l\u00ednia d\u2019actuaci\u00f3 es va iniciar en 2016 amb la intenci\u00f3 d\u2019acostar a tots els racons de la prov\u00edncia de &#8230;<\/p>\n","protected":false},"author":1,"featured_media":25549,"parent":18884,"menu_order":35,"comment_status":"closed","ping_status":"closed","template":"template-memoria-bibliotecas.php","meta":{"_acf_changed":false,"footnotes":""},"class_list":["post-18442","page","type-page","status-publish","has-post-thumbnail","hentry"],"acf":[],"_links":{"self":[{"href":"https:\/\/memoriahistorica.dival.es\/val\/wp-json\/wp\/v2\/pages\/18442","targetHints":{"allow":["GET"]}}],"collection":[{"href":"https:\/\/memoriahistorica.dival.es\/val\/wp-json\/wp\/v2\/pages"}],"about":[{"href":"https:\/\/memoriahistorica.dival.es\/val\/wp-json\/wp\/v2\/types\/page"}],"author":[{"embeddable":true,"href":"https:\/\/memoriahistorica.dival.es\/val\/wp-json\/wp\/v2\/users\/1"}],"replies":[{"embeddable":true,"href":"https:\/\/memoriahistorica.dival.es\/val\/wp-json\/wp\/v2\/comments?post=18442"}],"version-history":[{"count":5,"href":"https:\/\/memoriahistorica.dival.es\/val\/wp-json\/wp\/v2\/pages\/18442\/revisions"}],"predecessor-version":[{"id":27039,"href":"https:\/\/memoriahistorica.dival.es\/val\/wp-json\/wp\/v2\/pages\/18442\/revisions\/27039"}],"up":[{"embeddable":true,"href":"https:\/\/memoriahistorica.dival.es\/val\/wp-json\/wp\/v2\/pages\/18884"}],"wp:featuredmedia":[{"embeddable":true,"href":"https:\/\/memoriahistorica.dival.es\/val\/wp-json\/wp\/v2\/media\/25549"}],"wp:attachment":[{"href":"https:\/\/memoriahistorica.dival.es\/val\/wp-json\/wp\/v2\/media?parent=18442"}],"curies":[{"name":"wp","href":"https:\/\/api.w.org\/{rel}","templated":true}]}}