{"id":19115,"date":"2018-04-10T10:12:29","date_gmt":"2018-04-10T10:12:29","guid":{"rendered":"https:\/\/memoriahistorica.dival.es\/recursos\/mapa-de-fosas\/"},"modified":"2026-01-19T17:35:03","modified_gmt":"2026-01-19T16:35:03","slug":"mapa-de-fosses","status":"publish","type":"page","link":"https:\/\/memoriahistorica.dival.es\/val\/fosses\/mapa-de-fosses\/","title":{"rendered":"Mapa de fosses"},"content":{"rendered":"\n<p>Pret\u00e9n mostrar el lloc d&#8217;enterrament dels combatents i de les persones assassinades durant la guerra civil i la dictadura franquista. El major nombre de fosses, tant per la seua quantitat com pel nombre de cad\u00e0vers que contenen, s\u00f3n aquelles producte de la repressi\u00f3 franquista en la postguerra, seguint-li les que van ser resultat de la repressi\u00f3 durant la Guerra Civil, tant pel b\u00e0ndol republic\u00e0 com pel de els revoltats, i, finalment, les que obe\u00efxen a l&#8217;enterrament dels soldats caiguts en combat.<\/p>\n\n\n\n<p>Es presenten ac\u00ed els estudis realitzats fins al moment a la nostra prov\u00edncia i les actualitzacions dels mateixos que ha posat en marxa la Conselleria de Just\u00edcia, Administraci\u00f3 P\u00fablica, Reformes Democr\u00e0tiques i Llibertats P\u00fabliques en col\u00b7laboraci\u00f3 amb l&#8217;Institut Cartogr\u00e0fic Valenci\u00e0. Tots estos estudis haurien sigut impossibles sense la col\u00b7laboraci\u00f3 d&#8217;aquells ciutadans que van aportar informaci\u00f3 rellevant per a la localitzaci\u00f3 de moltes d&#8217;estes fosses.<\/p>\n\n\n\n<p><\/p>\n","protected":false},"excerpt":{"rendered":"<p>Pret\u00e9n mostrar el lloc d&#8217;enterrament dels combatents i de les persones assassinades durant la guerra civil i la dictadura franquista. &#8230;<\/p>\n","protected":false},"author":1,"featured_media":19107,"parent":24974,"menu_order":71,"comment_status":"closed","ping_status":"closed","template":"template-mapa-fosas.php","meta":{"_acf_changed":false,"footnotes":""},"class_list":["post-19115","page","type-page","status-publish","has-post-thumbnail","hentry"],"acf":[],"_links":{"self":[{"href":"https:\/\/memoriahistorica.dival.es\/val\/wp-json\/wp\/v2\/pages\/19115","targetHints":{"allow":["GET"]}}],"collection":[{"href":"https:\/\/memoriahistorica.dival.es\/val\/wp-json\/wp\/v2\/pages"}],"about":[{"href":"https:\/\/memoriahistorica.dival.es\/val\/wp-json\/wp\/v2\/types\/page"}],"author":[{"embeddable":true,"href":"https:\/\/memoriahistorica.dival.es\/val\/wp-json\/wp\/v2\/users\/1"}],"replies":[{"embeddable":true,"href":"https:\/\/memoriahistorica.dival.es\/val\/wp-json\/wp\/v2\/comments?post=19115"}],"version-history":[{"count":5,"href":"https:\/\/memoriahistorica.dival.es\/val\/wp-json\/wp\/v2\/pages\/19115\/revisions"}],"predecessor-version":[{"id":27704,"href":"https:\/\/memoriahistorica.dival.es\/val\/wp-json\/wp\/v2\/pages\/19115\/revisions\/27704"}],"up":[{"embeddable":true,"href":"https:\/\/memoriahistorica.dival.es\/val\/wp-json\/wp\/v2\/pages\/24974"}],"wp:featuredmedia":[{"embeddable":true,"href":"https:\/\/memoriahistorica.dival.es\/val\/wp-json\/wp\/v2\/media\/19107"}],"wp:attachment":[{"href":"https:\/\/memoriahistorica.dival.es\/val\/wp-json\/wp\/v2\/media?parent=19115"}],"curies":[{"name":"wp","href":"https:\/\/api.w.org\/{rel}","templated":true}]}}

<p>Pretén mostrar el lloc d&#8217;enterrament dels combatents i de les persones assassinades durant la guerra civil i la dictadura franquista. El major nombre de fosses, tant per la seua quantitat com pel nombre de cadàvers que contenen, són aquelles producte de la repressió franquista en la postguerra, seguint-li les que van ser resultat de la repressió durant la Guerra Civil, tant pel bàndol republicà com pel de els revoltats, i, finalment, les que obeïxen a l&#8217;enterrament dels soldats caiguts en combat.</p>



<p>Es presenten ací els estudis realitzats fins al moment a la nostra província i les actualitzacions dels mateixos que ha posat en marxa la Conselleria de Justícia, Administració Pública, Reformes Democràtiques i Llibertats Públiques en col·laboració amb l&#8217;Institut Cartogràfic Valencià. Tots estos estudis haurien sigut impossibles sense la col·laboració d&#8217;aquells ciutadans que van aportar informació rellevant per a la localització de moltes d&#8217;estes fosses.</p>



<p></p>

<p>Pretén mostrar el lloc d&#8217;enterrament dels combatents i de les persones assassinades durant la guerra civil i la dictadura franquista. &#8230;</p>
