{"id":20639,"date":"2020-10-21T11:28:48","date_gmt":"2020-10-21T09:28:48","guid":{"rendered":"https:\/\/memoriahistorica.dival.es\/recursos\/fosas-exhumadas-por-la-diputacion\/"},"modified":"2025-11-12T22:01:00","modified_gmt":"2025-11-12T21:01:00","slug":"fosas-exhumadas-por-la-diputacion","status":"publish","type":"page","link":"https:\/\/memoriahistorica.dival.es\/val\/recursos\/fosas-exhumadas-por-la-diputacion\/","title":{"rendered":"Fosses exhumades"},"content":{"rendered":"\n<div class=\"wp-block-buttons is-content-justification-center is-layout-flex wp-container-core-buttons-is-layout-16018d1d wp-block-buttons-is-layout-flex\">\n<div class=\"wp-block-button button-descarga\"><a class=\" wp-element-button\" href=\"https:\/\/memoriahistorica.dival.es\/wp-content\/uploads\/RELACION-DE-REPRESALIADOS-POR-NUMERO-DE-FOSA.pdf\" target=\"_blank\" rel=\"noreferrer noopener\">Llistat de represaliats que podrien localitzar-se a les fosses comunes i n\u00ednxols intervinguts mitjan\u00e7ant subvencions concedides per la Diputaci\u00f3 de Val\u00e8ncia<\/a><\/div>\n<\/div>\n","protected":false},"excerpt":{"rendered":"","protected":false},"author":1,"featured_media":0,"parent":18836,"menu_order":82,"comment_status":"closed","ping_status":"closed","template":"template-fosas_exhumadas.php","meta":{"_acf_changed":false,"footnotes":""},"class_list":["post-20639","page","type-page","status-publish","hentry"],"acf":[],"_links":{"self":[{"href":"https:\/\/memoriahistorica.dival.es\/val\/wp-json\/wp\/v2\/pages\/20639","targetHints":{"allow":["GET"]}}],"collection":[{"href":"https:\/\/memoriahistorica.dival.es\/val\/wp-json\/wp\/v2\/pages"}],"about":[{"href":"https:\/\/memoriahistorica.dival.es\/val\/wp-json\/wp\/v2\/types\/page"}],"author":[{"embeddable":true,"href":"https:\/\/memoriahistorica.dival.es\/val\/wp-json\/wp\/v2\/users\/1"}],"replies":[{"embeddable":true,"href":"https:\/\/memoriahistorica.dival.es\/val\/wp-json\/wp\/v2\/comments?post=20639"}],"version-history":[{"count":5,"href":"https:\/\/memoriahistorica.dival.es\/val\/wp-json\/wp\/v2\/pages\/20639\/revisions"}],"predecessor-version":[{"id":26541,"href":"https:\/\/memoriahistorica.dival.es\/val\/wp-json\/wp\/v2\/pages\/20639\/revisions\/26541"}],"up":[{"embeddable":true,"href":"https:\/\/memoriahistorica.dival.es\/val\/wp-json\/wp\/v2\/pages\/18836"}],"wp:attachment":[{"href":"https:\/\/memoriahistorica.dival.es\/val\/wp-json\/wp\/v2\/media?parent=20639"}],"curies":[{"name":"wp","href":"https:\/\/api.w.org\/{rel}","templated":true}]}}