{"id":21851,"date":"2021-07-08T09:44:22","date_gmt":"2021-07-08T07:44:22","guid":{"rendered":"https:\/\/memoriahistorica.dival.es\/programes\/memoria-escola\/concesion-de-premios-a-proyectos-educativos-en-el-ambito-de-la-memoria-democratica\/"},"modified":"2026-02-19T14:55:01","modified_gmt":"2026-02-19T13:55:01","slug":"concesion-de-premios-a-proyectos-educativos-en-el-ambito-de-la-memoria-democratica","status":"publish","type":"page","link":"https:\/\/memoriahistorica.dival.es\/val\/programes\/premis\/concesion-de-premios-a-proyectos-educativos-en-el-ambito-de-la-memoria-democratica\/","title":{"rendered":"Premis a projectes educatius"},"content":{"rendered":"\n<div class=\"wp-block-group contenido-basico\"><div class=\"wp-block-group__inner-container is-layout-constrained wp-block-group-is-layout-constrained\">\n<p class=\"has-medium-font-size\">Els premis \u201cLa <em>Mem\u00f2ria a l\u2019<\/em>Escola\u201d, promoguts per la Delegaci\u00f3 de Mem\u00f2ria Democr\u00e0tica de la Diputaci\u00f3 de Val\u00e8ncia, tenen com a objectiu principal refor\u00e7ar l&#8217;educaci\u00f3 en democr\u00e0cia i drets humans a trav\u00e9s del treball pedag\u00f2gic sobre la mem\u00f2ria hist\u00f2rica. Reconeixen projectes educatius que aborden, des de l&#8217;\u00e0mbit escolar, l&#8217;estudi de la Segona Rep\u00fablica, la Guerra Civil, la dictadura franquista, la repressi\u00f3 i l&#8217;exili, vinculant estos processos hist\u00f2rics amb la defensa de les llibertats democr\u00e0tiques.<\/p>\n\n\n\n<p>Estos premis partixen de la convicci\u00f3 que el coneixement del passat \u00e9s una ferramenta essencial per a formar una ciutadania cr\u00edtica, compromesa i respectuosa amb els valors democr\u00e0tics. Fomenten metodologies actives basades en la investigaci\u00f3, l&#8217;an\u00e0lisi de fonts i la participaci\u00f3 de l&#8217;entorn social, afavorint el pensament cr\u00edtic i la consci\u00e8ncia c\u00edvica de l&#8217;alumnat.<\/p>\n\n\n\n<p>Si vols participar en la convocat\u00f2ria d&#8217;enguany tens tota la informaci\u00f3 en el seg\u00fcent enlla\u00e7:<\/p>\n\n\n\n<p><a href=\"https:\/\/www.dival.es\/va\/memoria-historica\/7a-edicio-premis-memoria-a-lescola-2026\">https:\/\/www.dival.es\/va\/memoria-historica\/7a-edicio-premis-memoria-a-lescola-2026<\/a><\/p>\n\n\n\n<p><br><\/p>\n\n\n\n<p><\/p>\n\n\n\n<p><\/p>\n<\/div><\/div>\n","protected":false},"excerpt":{"rendered":"<p>Els premis \u201cLa Mem\u00f2ria a l\u2019Escola\u201d, promoguts per la Delegaci\u00f3 de Mem\u00f2ria Democr\u00e0tica de la Diputaci\u00f3 de Val\u00e8ncia, tenen com &#8230;<\/p>\n","protected":false},"author":1,"featured_media":27152,"parent":26097,"menu_order":38,"comment_status":"closed","ping_status":"closed","template":"template-pagina-premios.php","meta":{"_acf_changed":false,"footnotes":""},"class_list":["post-21851","page","type-page","status-publish","has-post-thumbnail","hentry"],"acf":[],"_links":{"self":[{"href":"https:\/\/memoriahistorica.dival.es\/val\/wp-json\/wp\/v2\/pages\/21851","targetHints":{"allow":["GET"]}}],"collection":[{"href":"https:\/\/memoriahistorica.dival.es\/val\/wp-json\/wp\/v2\/pages"}],"about":[{"href":"https:\/\/memoriahistorica.dival.es\/val\/wp-json\/wp\/v2\/types\/page"}],"author":[{"embeddable":true,"href":"https:\/\/memoriahistorica.dival.es\/val\/wp-json\/wp\/v2\/users\/1"}],"replies":[{"embeddable":true,"href":"https:\/\/memoriahistorica.dival.es\/val\/wp-json\/wp\/v2\/comments?post=21851"}],"version-history":[{"count":13,"href":"https:\/\/memoriahistorica.dival.es\/val\/wp-json\/wp\/v2\/pages\/21851\/revisions"}],"predecessor-version":[{"id":27962,"href":"https:\/\/memoriahistorica.dival.es\/val\/wp-json\/wp\/v2\/pages\/21851\/revisions\/27962"}],"up":[{"embeddable":true,"href":"https:\/\/memoriahistorica.dival.es\/val\/wp-json\/wp\/v2\/pages\/26097"}],"wp:featuredmedia":[{"embeddable":true,"href":"https:\/\/memoriahistorica.dival.es\/val\/wp-json\/wp\/v2\/media\/27152"}],"wp:attachment":[{"href":"https:\/\/memoriahistorica.dival.es\/val\/wp-json\/wp\/v2\/media?parent=21851"}],"curies":[{"name":"wp","href":"https:\/\/api.w.org\/{rel}","templated":true}]}}

<div class="wp-block-group contenido-basico"><div class="wp-block-group__inner-container is-layout-constrained wp-block-group-is-layout-constrained">
<p class="has-medium-font-size">Els premis “La <em>Memòria a l’</em>Escola”, promoguts per la Delegació de Memòria Democràtica de la Diputació de València, tenen com a objectiu principal reforçar l&#8217;educació en democràcia i drets humans a través del treball pedagògic sobre la memòria històrica. Reconeixen projectes educatius que aborden, des de l&#8217;àmbit escolar, l&#8217;estudi de la Segona República, la Guerra Civil, la dictadura franquista, la repressió i l&#8217;exili, vinculant estos processos històrics amb la defensa de les llibertats democràtiques.</p>



<p>Estos premis partixen de la convicció que el coneixement del passat és una ferramenta essencial per a formar una ciutadania crítica, compromesa i respectuosa amb els valors democràtics. Fomenten metodologies actives basades en la investigació, l&#8217;anàlisi de fonts i la participació de l&#8217;entorn social, afavorint el pensament crític i la consciència cívica de l&#8217;alumnat.</p>



<p>Si vols participar en la convocatòria d&#8217;enguany tens tota la informació en el següent enllaç:</p>



<p><a href="https://www.dival.es/va/memoria-historica/7a-edicio-premis-memoria-a-lescola-2026">https://www.dival.es/va/memoria-historica/7a-edicio-premis-memoria-a-lescola-2026</a></p>



<p><br></p>



<p></p>



<p></p>
</div></div>

<p>Els premis “La Memòria a l’Escola”, promoguts per la Delegació de Memòria Democràtica de la Diputació de València, tenen com &#8230;</p>
