{"id":26097,"date":"2025-08-01T11:00:39","date_gmt":"2025-08-01T09:00:39","guid":{"rendered":"https:\/\/memoriahistorica.dival.es\/programes\/premios\/"},"modified":"2025-11-17T18:26:15","modified_gmt":"2025-11-17T17:26:15","slug":"premis","status":"publish","type":"page","link":"https:\/\/memoriahistorica.dival.es\/val\/programes\/premis\/","title":{"rendered":"Premis"},"content":{"rendered":"\n<div class=\"wp-block-group contenido-basico\"><div class=\"wp-block-group__inner-container is-layout-constrained wp-block-group-is-layout-constrained\">\n<p>La Delegaci\u00f3 de Mem\u00f2ria Democr\u00e0tica impulsa dues modalitats de premis que reconeixen el comprom\u00eds amb la recuperaci\u00f3, divulgaci\u00f3 i transmissi\u00f3 de la mem\u00f2ria democr\u00e0tica. Tots dos reconeixements formen part de l&#8217;esfor\u00e7 institucional per donar suport a iniciatives que connecten la hist\u00f2ria amb el present, i contribueixen a una societat m\u00e9s conscient, justa i plural.<\/p>\n<\/div><\/div>\n","protected":false},"excerpt":{"rendered":"<p>La Delegaci\u00f3 de Mem\u00f2ria Democr\u00e0tica impulsa dues modalitats de premis que reconeixen el comprom\u00eds amb la recuperaci\u00f3, divulgaci\u00f3 i transmissi\u00f3 &#8230;<\/p>\n","protected":false},"author":6,"featured_media":25564,"parent":18884,"menu_order":45,"comment_status":"closed","ping_status":"closed","template":"template-pagina-subpaginas.php","meta":{"_acf_changed":false,"footnotes":""},"class_list":["post-26097","page","type-page","status-publish","has-post-thumbnail","hentry"],"acf":[],"_links":{"self":[{"href":"https:\/\/memoriahistorica.dival.es\/val\/wp-json\/wp\/v2\/pages\/26097","targetHints":{"allow":["GET"]}}],"collection":[{"href":"https:\/\/memoriahistorica.dival.es\/val\/wp-json\/wp\/v2\/pages"}],"about":[{"href":"https:\/\/memoriahistorica.dival.es\/val\/wp-json\/wp\/v2\/types\/page"}],"author":[{"embeddable":true,"href":"https:\/\/memoriahistorica.dival.es\/val\/wp-json\/wp\/v2\/users\/6"}],"replies":[{"embeddable":true,"href":"https:\/\/memoriahistorica.dival.es\/val\/wp-json\/wp\/v2\/comments?post=26097"}],"version-history":[{"count":2,"href":"https:\/\/memoriahistorica.dival.es\/val\/wp-json\/wp\/v2\/pages\/26097\/revisions"}],"predecessor-version":[{"id":26630,"href":"https:\/\/memoriahistorica.dival.es\/val\/wp-json\/wp\/v2\/pages\/26097\/revisions\/26630"}],"up":[{"embeddable":true,"href":"https:\/\/memoriahistorica.dival.es\/val\/wp-json\/wp\/v2\/pages\/18884"}],"wp:featuredmedia":[{"embeddable":true,"href":"https:\/\/memoriahistorica.dival.es\/val\/wp-json\/wp\/v2\/media\/25564"}],"wp:attachment":[{"href":"https:\/\/memoriahistorica.dival.es\/val\/wp-json\/wp\/v2\/media?parent=26097"}],"curies":[{"name":"wp","href":"https:\/\/api.w.org\/{rel}","templated":true}]}}